e 8) to base 14.
-8d
-4 (base 7) to base 16
-4
Convert a (base 14) to base 7.
13
Convert 1 (base 2) to base 15.
1
Convert -120 (base 6) to base 13.
-39
What is -8 (base 15) in base 3?
-22
What is -20 (base 16) in base 14?
-24
Convert 12022 (base 3) to base 4.
2033
What is -1010 (base 2) in base 10?
-10
Convert -2 (base 15) to base 16.
-2
What is 1 (base 13) in base 16?
1
-6 (base 15) to base 10
-6
What is -3 (base 5) in base 7?
-3
Convert -110020 (base 3) to base 11.
-280
Convert -25 (base 7) to base 10.
-19
Convert -19 (base 12) to base 14.
-17
-1000011 (base 2) to base 8
-103
44 (base 16) to base 13
53
What is -100 (base 4) in base 9?
-17
What is -6 (base 14) in base 2?
-110
97 (base 11) to base 16
6a
Convert 1200 (base 3) to base 13.
36
What is -300 (base 9) in base 10?
-243
Convert 3 (base 16) to base 2.
11
What is -102 (base 4) in base 6?
-30
435 (base 6) to base 13
cb
Convert 1 (base 11) to base 10.
1
-301 (base 4) to base 14
-37
-10 (base 6) to base 12
-6
-12 (base 9) to base 11
-10
What is -8 (base 12) in base 16?
-8
-15 (base 6) to base 10
-11
-1 (base 14) to base 12
-1
101 (base 8) to base 12
55
What is -73 (base 13) in base 4?
-1132
Convert -60 (base 7) to base 6.
-110
What is 111 (base 5) in base 3?
1011
Convert 64 (base 8) to base 2.
110100
Convert -110 (base 9) to base 3.
-10100
What is -253 (base 7) in base 6?
-344
-b (base 14) to base 9
-12
Convert 1b (base 12) to base 6.
35
What is 412 (base 5) in base 7?
212
-200 (base 9) to base 15
-ac
Convert 1 (base 15) to base 7.
1
-140 (base 5) to base 13
-36
Convert -12 (base 3) to base 10.
-5
What is 3d (base 15) in base 6?
134
What is -41 (base 7) in base 6?
-45
-232 (base 4) to base 3
-1201
What is 1011 (base 2) in base 4?
23
Convert -3 (base 11) to base 15.
-3
Convert 2 (base 12) to base 3.
2
35 (base 12) to base 7
56
What is 14e (base 15) in base 10?
299
Convert a (base 11) to base 5.
20
-18 (base 16) to base 3
-220
Convert 3 (base 12) to base 4.
3
Convert -11 (base 7) to base 8.
-10
-230 (base 4) to base 6
-112
-76 (base 14) to base 5
-404
What is 0 (base 15) in base 8?
0
What is 213 (base 4) in base 7?
54
Convert 2 (base 3) to base 4.
2
-1100 (base 3) to base 8
-44
Convert -142 (base 13) to base 8.
-337
What is 2 (base 6) in base 4?
2
Convert 111 (base 2) to base 16.
7
What is 5 (base 10) in base 2?
101
3 (base 11) to base 6
3
31 (base 9) to base 15
1d
What is 2 (base 5) in base 8?
2
-10100001 (base 2) to base 15
-ab
-1 (base 7) to base 11
-1
8f (base 16) to base 10
143
What is 40 (base 6) in base 13?
1b
Convert -501 (base 7) to base 5.
-1441
1 (base 8) to base 6
1
Convert -127 (base 10) to base 5.
-1002
Convert -4 (base 11) to base 10.
-4
Convert -2 (base 12) to base 8.
-2
What is 4 (base 7) in base 12?
4
1 (base 10) to base 7
1
What is -2 (base 16) in base 3?
-2
What is 58 (base 10) in base 13?
46
What is 0 (base 2) in base 7?
0
Convert 35 (base 12) to base 15.
2b
-25 (base 11) to base 10
-27
Convert 1 (base 5) to base 7.
1
203 (base 4) to base 3
1022
What is -1100 (base 3) in base 5?
-121
Convert -102 (base 8) to base 12.
-56
What is -3 (base 15) in base 3?
-10
What is -2a (base 11) in base 15?
-22
What is 6a (base 11) in base 12?
64
102 (base 5) to base 10
27
Convert -100010 (base 2) to base 15.
-24
What is -c (base 13) in base 6?
-20
Convert -2 (base 11) to base 7.
-2
Convert -1 (base 7) to base 11.
-1
What is -4 (base 13) in base 7?
-4
What is 9 (base 12) in base 8?
11
What is 9c (base 13) in base 10?
129
Convert -2 (base 13) to base 16.
-2
231 (base 5) to base 8
102
Convert -b (base 12) to base 10.
-11
Convert -6 (base 9) to base 14.
-6
Convert -5 (base 12) to base 3.
-12
Convert -51 (base 14) to base 13.
-56
-b4 (base 16) to base 6
-500
What is -121 (base 4) in base 14?
-1b
Convert 16 (base 14) to base 2.
10100
12 (base 3) to base 6
5
What is 31 (base 5) in base 14?
12
What is 7 (base 16) in base 4?
13
Convert -2 (base 14) to base 2.
-10
What is -11 (base 2) in base 3?
-10
3 (base 12) to base 4
3
10000 (base 2) to base 8
20
What is -52 (base 6) in base 7?
-44
3 (base 13) to base 12
3
What is -2 (base 14) in base 16?
-2
What is 73 (base 8) in base 3?
2012
-2 (base 12) to base 15
-2
Convert -1 (base 6) to base 12.
-1
Convert 8 (base 11) to base 5.
13
What is 0 (base 6) in base 5?
0
-6b (base 12) to base 16
-53
What is 60 (base 8) in base 11?
44
2 (base 5) to base 7
2
What is -2 (base 12) in base 2?
-10
13 (base 8) to base 4
23
40 (base 10) to base 11
37
Convert 0 (base 13) to base 11.
0
What is 12 (base 8) in base 5?
20
What is 12 (base 5) in base 11?
7
16 (base 13) to base 16
13
Convert 112 (base 6) to base 13.
35
Convert 49 (base 12) to base 5.
212
-33 (base 6) to base 9
-23
51 (base 10) to base 11
47
What is 8 (base 11) in base 13?
8
Convert 180 (base 11) to base 2.
11010001
What is 149 (base 14) in base 3?
100200
Convert 1110 (base 4) to base 13.
66
1 (base 9) to base 12
1
Convert 6 (base 7) to base 8.
6
Convert -4 (base 15) to base 10.
-4
Convert 2a (base 12) to base 11.
31
Convert 10 (base 7) to base 10.
7
What is 2 (base 7) in base 16?
2
Convert -21 (base 11) to base 10.
-23
What is 132 (base 4) in base 8?
36
-12 (base 9) to base 8
-13
Convert -102 (base 9) to base 16.
-53
What is -11 (base 2) in base 7?
-3
What is 3a (base 11) in base 9?
47
What is -2121 (base 4) in base 8?
-231
Convert -2 (base 16) to base 3.
-2
What is -1a (base 16) in base 13?
-20
5 (base 11) to base 12
5
-32 (base 9) to base 7
-41
What is -9 (base 14) in base 10?
-9
What is -1 (base 12) in base 11?
-1
Convert 6 (base 9) to base 16.
6
What is -1 (base 7) in base 15?
-1
Convert 2022 (base 3) to base 13.
4a
2b (base 16) to base 2
101011
What is 31 (base 6) in base 16?
13
-69 (base 13) to base 11
-7a
What is 15 (base 10) in base 6?
23
What is 2202 (base 3) in base 15?
4e
Convert 114 (base 5) to base 13.
28
What is -2 (base 12) in base 7?
-2
-62 (base 7) to base 10
-44
What is 15 (base 10) in base 9?
16
Convert -1 (base 16) to base 5.
-1
What is -10110 (base 2) in base 14?
-18
62 (base 9) to base 4
320
-1 (base 7) to base 8
-1
Convert -4e (base 15) to base 8.
-112
Convert -4 (base 5) to base 14.
-4
What is -110 (base 2) in base 13?
-6
Convert -33 (base 15) to base 2.
-110000
What is -204 (base 5) in base 2?
-110110
0 (base 14) to base 8
0
-5 (base 7) to base 16
-5
Convert 2 (base 13) to base 10.
2
5 (base 6) to base 14
5
4c (base 13) to base 16
40
121 (base 10) to base 8
171
Convert 56 (base 9) to base 15.
36
61 (base 9) to base 4
313
Convert -2 (base 14) to base 6.
-2
What is -3 (base 6) in base 2?
-11
14 (base 5) to base 16
9
Convert 113 (base 10) to base 15.
78
-53 (base 13) to base 7
-125
Convert -4a (base 13) to base 6.
-142
Convert -7 (base 10) to base 3.
-21
What is -10 (base 3) in base 9?
-3
Convert 12101 (base 3) to base 8.
221
What is -12 (base 9) in base 10?
-11
101101 (base 2) to base 7
63
Convert -2 (base 7) to base 3.
-2
Convert 4 (base 16) to base 9.
4
201 (base 6) to base 11
67
What is 35 (base 16) in base 14?
3b
Convert 111 (base 3) to base 2.
1101
What is 0 (base 16) in base 6?
0
-3 (base 9) to base 4
-3
1 (base 11) to base 3
1
1123 (base 4) to base 3
10101
What is -10010 (base 2) in base 7?
-24
Convert 23 (base 4) to base 10.
11
-3 (base 7) to base 9
-3
312 (base 4) to base 2
110110
What is -12 (base 3) in base 5?
-10
What is -4 (base 16) in base 9?
-4
Convert -3 (base 10) to base 15.
-3
15 (base 9) to base 3
112
13 (base 10) to base 7
16
What is -65 (base 9) in base 8?
-73
What is -3 (base 8) in base 4?
-3
Convert -11 (base 12) to base 7.
-16
Convert 135 (base 6) to base 11.
54
What is 2 (base 15) in base 9?
2
What is 246 (base 7) in base 14?
96
Convert 53 (base 9) to base 14.
36
Convert -2 (base 7) to base 16.
-2
Convert -7b (base 16) to base 12.
-a3
Convert 21 (base 8) to base 14.
13
What is -38 (base 15) in base 8?
-65
What is 11 (base 2) in base 3?
10
What is 131 (base 6) in base 10?
55
241 (base 8) to base 14
b7
212 (base 3) to base 4
113
Convert bc (base 15) to base 7.
342
10 (base 9) to base 2
1001
23 (base 14) to base 13
25
Convert -2c (base 13) to base 4.
-212
What is -2 (base 10) in base 16?
-2
12 (base 12) to base 10
14
What is 3 (base 13) in base 7?
3
-21 (base 3) to base 14
-7
Convert -21 (base 6) to base 15.
-d
Convert -2 (base 16) to base 4.
-2
What is -37 (bas